 (-1 + 7)?
8
2 + (-17 - -2) + 8
-5
Evaluate (9 - -1) + -110 + 103.
3
Calculate 1 + (2 - 4) + 0 + 4.
3
What is (1 - 6 - -1) + 0?
-4
-18 + 21 + 3 + -6
0
(20 - 18) + -2 + (-4 - -2)
-2
Evaluate 15 + -19 + 2 + (1 - 1).
-2
Evaluate 10 + -15 - (-11 - (-3 - -1)).
4
What is the value of 10 + -12 + 0 + 8?
6
-3 + (5 - 3) + 3
2
Calculate 39 - 37 - ((-1 - 0) + -1).
4
Evaluate 4 + 4 + -5 + 2 + 0.
5
What is 2 - ((6 - -2 - 1) + -2)?
-3
-36 - -35 - (8 - 1)
-8
What is the value of 3 + 1 + -6 + (-13 - -26)?
11
Calculate -6 + 3 + -4 + 3 + -1.
-5
Calculate (-2 + 4 - (-3 - 1)) + -1.
5
What is 1 - (-2 + 2 + -1)?
2
Calculate -4 + (10 - 1) + -3.
2
Calculate 0 - (-1 - (4 + -4 + 0)).
1
Calculate (-101 - -105) + (-4 - -1).
1
15 - 17 - (2 + -7)
3
What is 4 + (-8 - 2) - 4?
-10
Evaluate 9 + -11 + (0 - 2).
-4
-6 - (-2 + 4 + -7)
-1
17 - 15 - (-1 + 2)
1
What is the value of (3 + 1 - 1) + -3?
0
-9 + (4 - 6) - -4
-7
What is the value of 4 + -7 + 9 - 13?
-7
What is -6 - -2 - (-45 + 41)?
0
0 - (-4 + -1 - -5 - -5)
-5
-1 - 5 - (-4 + (-2 - -5))
-5
Calculate (2 - (0 - (-4 - -3))) + -3.
-2
What is (3 - (1 - -3) - 2) + 8?
5
What is the value of (-7 - -2) + (1 - -1)?
-3
What is the value of 9 + (-4 - (-1 + 3))?
3
Calculate 1 - ((7 - (8 - 8)) + -1).
-5
What is -11 - -7 - (-4 - 3)?
3
Calculate 4 + 0 + 0 + -4.
0
What is 0 - (-7 + -1 + -12 + 17)?
3
5 - (-4 - (-6 + 3 + -1))
5
(-3 + 1 - -4) + -18 + 17
1
What is the value of -3 - (-1 - -2) - -3?
-1
What is 10 - (25 - (0 + 10))?
-5
Evaluate 12 - 4 - (-6 - -18).
-4
What is the value of 0 - -3 - (-19 + 27)?
-5
Calculate -6 - (-1 + 3 - 4).
-4
Evaluate -12 + 11 + 16 + -11.
4
What is the value of (7 - 10 - -7) + (1 - 9)?
-4
What is the value of -9 + (6 - (6 - 1)) + 5?
-3
What is the value of (37 - 47) + (-2 - (1 - 4))?
-9
What is 3 - (-2 + 3 + 4)?
-2
Calculate (-18 - -3) + (1 - -4) - -2.
-8
What is -4 - -1 - (-4 - -4) - 0?
-3
Evaluate 5 + -2 + -7 + -2 + 1.
-5
6 + 4 + 9 + -13
6
What is -14 - (-10 - 0) - (-8 - -2)?
2
What is (1 - 13) + 5 + 5 + 0?
-2
Calculate 3 + -6 + -5 - -7 - 4.
-5
Calculate 3 + 0 - (1 + 3).
-1
What is the value of -7 + 4 + (12 - 12)?
-3
-1 - (-1 + 5) - -1 - 4
-8
What is 3 - (2 + -1 + 4) - 1?
-3
Evaluate 1 + 0 + (-4 - (-7 - -2)).
2
What is 5 + (-11 - -3) + 5?
2
-1 + (-2 - -5) + -3 + -1
-2
What is -14 - (8 - 16 - 0)?
-6
(10 - 5) + (-3 - -1)
3
5 + -8 + 2 - (1 + -8)
6
-4 + (0 - 5) + 9
0
What is the value of 0 + 0 + (-6 - (6 - 10))?
-2
What is (-3 - -1) + (-9 - (3 + -10))?
-4
Calculate (-1 - -4) + 4 + -2 + 0.
5
Evaluate 0 - (1 - (3 + (-1 - 1))).
0
1 - -1 - 7 - (52 - 46)
-11
What is (1 - (-5 + 3) - 3) + 4?
4
What is (-4 - -10) + -5 + -3 + 0?
-2
-3 - (-2 - (2 - -1 - 4))
-2
What is the value of (2 - 2) + (16 - 16)?
0
Calculate 7 + -1 + 1 - 12.
-5
Evaluate -2 + 3 - (-4 + (10 - 0)).
-5
What is the value of -2 - -1 - (0 + -2) - 1?
0
0 + -8 - (-3 + (-7 - -6))
-4
What is 20 + -23 + (0 - 0) + 6?
3
What is -3 + 2 - (4 - 7)?
2
-14 + 9 + 1 + -1 + 0
-5
What is -1 - (6 + (-3 - 1))?
-3
What is (3 - 1) + (-11 + 19 - 11)?
-1
What is (2 - 5) + 54 + -56 + 8?
3
Evaluate 4 + -1 - (-9 + 7).
5
-1 + -5 + 7 + (1 - 5)
-3
-6 - (4 + (3 - 11))
-2
What is -4 + 2 + 1 - (-3 + 5)?
-3
Calculate -15 - (0 + -6 + (-8 - -7)).
-8
Evaluate -8 - (7 - 17 - -8).
-6
2 + 2 + 0 + 0 - 0
4
What is the value of 7 - (-2 - -7) - 9?
-7
What is the value of (-3 - -1) + (12 - -5) + -15?
0
Calculate (-8 - -2) + -1 + 12 + -11.
-6
-5 + 6 + (-2 - (2 - -2))
-5
Calculate 5 + (8 - 14) + (0 - -2).
1
What is the value of -43 + 48 - (1 + 2)?
2
What is 5 - (10 + -7 - (-3 - -1))?
0
What is the value of -5 - (6 + -3 + 8 + -7)?
-9
Evaluate 3 + 0 - (-14 + 17).
0
Calculate 26 + -12 + -8 + -13.
-7
What is the value of -3 - -4 - (3 + -4) - 4?
-2
What is 0 + 0 + 1 - (-17 + 15)?
3
What is the value of -4 - (2 + -1 - 10)?
5
Evaluate 3 - (9 - 13 - -9).
-2
What is -3 + 7 + 5 + -2?
7
Calculate 13 + -7 - (-1 + 3).
4
Calculate 7 + (-1 - 6) - -2.
2
Calculate 0 - (-4 + -6) - 5.
5
Evaluate -3 + (9 - 4) - (6 + -1).
-3
What is 2 + 10 + -6 + -6?
0
Calculate (-8 - (2 + -4)) + 15 + -11.
-2
-1 - (3 + -13 - -6)
3
What is the value of (1 - 0) + 33 + -16 + -24?
-6
4 + -12 + (7 - 2)
-3
What is -9 + 10 + -2 + 6?
5
What is 1 - (3 + -4 - 1) - -2?
5
Evaluate (-10 - -3) + 11 - -3 - 0.
7
(1 - -2) + (-16 - -2) + 6
-5
Evaluate -54 - -56 - (-4 - (1 + -2)).
5
Calculate (-3 - -4) + -4 + 1.
-2
(6 - (2 - (1 + -3))) + -6
-4
What is (-2 - (-2 - 3)) + 2 + 1?
6
What is the value of 4 + (-9 - 0 - -4)?
-1
-9 + (1 - 3) + 6
-5
(3 - 2 - (4 - 8)) + -4
1
Calculate 8 + -11 + 7 + 2 + 2.
8
What is the value of 2 + -3 + -1 + (14 - 8)?
4
Evaluate (-17 - -11) + 4 + -3.
-5
Evaluate -2 - 1 - -1 - (-1 + 2).
-3
Evaluate 0 + (0 - 2) - 1.
-3
Evaluate 9 - (5 + 1 + 1).
2
-5 - (-1 + 7 + -9)
-2
What is 2 + -5 + 8 + -11?
-6
Evaluate 2 + 2 + 0 - 3.
1
What is the value of 3 - (-3 + 2 + 6) - -3?
1
What is 0 + 1 + 2 + 1 + -5?
-1
-1 + -4 + 7 - -4
6
What is 1 - ((2 - (2 + 2)) + -1)?
4
What is the value of -12 + -7 + 12 + 9?
2
Evaluate (-7 - -7) + 1 + -1.
0
Evaluate (-9 - -3 - -1) + 0 - -6.
1
4 + -5 + 6 - (4 - 5)
6
What is 12 + 2 + -15 + 6 + -4?
1
What is -2 - -6 - (1 + -3)?
6
(-2 - 5) + 3 - (-8 - -8)
-4
What is 6 + -11 + (-6 - (0 + -9))?
-2
What is the value of 0 + (-2 - -2) + -5?
-5
What is 0 - (-13 + -8 + 14 + 8)?
-1
Evaluate -3 - (-3 - (3 + -6)).
-3
What is the value of (-6 - -8 - -6 - 6) + -3?
-1
Calculate (-14 - -3 - -7) + 4.
0
What is the value of 0 - (0 + (-13 - -7))?
6
What is -1 + 1 - (-1 - -4)?
-3
-3 - (3 + -7) - 6
-5
What is the value of -13 + 5 + 6 + (-1 - -4)?
1
Calculate -3 + 2 + -8 + 4.
-5
Calculate 10 + -1 - (13 - (6 + 3)).
5
Evaluate 9 - (4 - (-6 - -2)).
1
Calculate (13 - 15) + (-2 - -2) + 5.
3
What is 0 + (-2 - 0) + -11 + 11?
-2
What is -5 + (-2 - (7 + -4 + -2))?
-8
Evaluate -2 + 1 + (-1 + 0 - 3).
-5
What is (7 - 2) + (8 - 19)?
-6
What is 4 - 4 - (7 + -9)?
2
Calculate 11 - 11 - (-3 - (-5 + 2)).
0
Evaluate (-2 - 2 - -7 - 3) + 4.
4
Calculate 7 + (4 - 3) + -5 - 5.
-2
Evaluate 0 - -1 - (5 - 3).
-1
Calculate -8 + (5 - 1) + -2.
-6
Calculate 5 + (-4 - -11) + -7.
5
Evaluate -1 + (-2 - (5 + -3)).
-5
What is the value of -3 + (2 - (-2 - 1) - 4)?
-2
What is (1 - -2) + (1 - 0) + 1?
5
What is 4 + (0 - 16 - (0 - 3))?
-9
Evaluate -5 + 1 + 8 + -6.
-2
Evaluate (1 - 7) + (-3 - 6 - -11).
-4
What is the value of -5 + (-5 - 0) + 7?
-3
(1 - -1) + -6 - -4 - 5
-5
What is the value of (0 + 3 - 2) + -2 + 5?
4
What is -14 - (-5 + 0 - (11 + -11))?
-9
Evaluate 2 - (-1 + 7) - -7.
3
Evaluate -3 - ((8 - 7 - -1) + -4).
-1
Evaluate -9 + (1 - -7 - 7).
-8
-12 + 18 + -6 + 4
4
(3 - 2 - (11 - 10)) + -5
-5
(-4 + 14 - 14) + 0
-4
What is 6 - ((-13 - -1) + 7)?
11
Calculate (-2 - -1) + 0 + 1.
0
(1 - 2) + 0 - (0 + -4)
3
Calculate -2 + 4 + 4 + -4 - 5.
-3
What is the value of -3 + (5 + (-3 - 4) - -3)?
-2
What is the value of (7 - 2) + (-17 - -8)?
-4
Evaluate (6 - 7) + 5 + 0.
4
-6 + 5 + -5 - -7
1
Calculate -2 + -6 + (0 - -8).
0
Calculate (4 + 5 - 4) + -9 - 2.
-6
Evaluate -2 + 6 + 4 + -7 - 5.
-4
2 + 0 + 1 + 1 + -1
3
What is -5 - -9 - (0 + 0)?
4
Evaluate (2 - -2 - (-15 - -15)) + -4.
0
What is the value of 1 - (20 + -10) - -9?
0
What is the value of 2 - (-4 - 2) - 3?
5
Evaluate -1 + 4 - -1 - 1.
3
Evaluate 2 + -3 + -2 - -3.
0
What is 6 + -3 + 0 - 1?
2
Calculate 7 + 2 - 0 - (-11 - -13).
7
What is the value of 2 - 5 - (1 + -4 - 5)?
5
What is the value of (-5 - -1) + 0 + 4?
0
Evaluate (0 - 0) + 4 - 1.
3
What is the value of (20 - 18) + 1 + (-2 - -4)?
5
What is the value of (3 - 5) + (4 + -2 - -2)?
2
Calculate (0 - (11 - 1)) + 6.
-4
What is -11 + (18 + 3 - 3)?
7
What is the value of -2 + (5 - (6 - -6)) + 2?
-7
(0 - -8) + -12 + 9
5
What is the value of 3 - (-1 + -1) - (112 + -106)?
-1
What is the value of 2 + (-9 - (-6 + 3))?
-4
What is (0 - (-2 - -5)) + (-1 - 0)?
-4
What is the value of (-8 - -3 - 0) + 5 + -4?
-4
Evaluate 3 + -2 + 3 + -7.
-3
What is 4 + (-1 - (-4 - -1) - 0)?
6
What is 0 - 14 - (-16 - (-1 - 9))?
-8
What is 1 + 3 + -1 - (-3 + 6)?
0
What is (-11 - 0) + 3 - 0?
-8
-4 + 5 - 4 - 1
-4
-1 - (0 + 0 - -1)
-2
Evaluate -6 - (-4 - (4 - (3 + 0))).
-1
Evaluate 0 + 4 + (-3 - 1) + 2.
2
What is 2 + 11 + 0 + -8?
5
Calculate 3 - (-4 + 9) - -2.
0
Calculate 7 + (7 - 12) - (2 + -2).
2
What is the value of 1 - (-1 - 1) - (58 - 52)?
-3
Calculate 4 + 0 + 3 + -4.
3
(-10 - -6) + 4 + 4
4
What is the value of -1 + -2 + -